{"version":"1.0","type":"rich","provider_name":"Les Journ\u00e9es Paysannes","provider_url":"https:\/\/www.journees-paysannes.org","title":"Cycle de formation sur la question paysanne","author_name":"Secr\u00e9tariat des Journ\u00e9es Paysannes","width":"480","height":"295","url":"https:\/\/www.journees-paysannes.org\/Cycle-de-formation-sur-la-question-paysanne.html","html":"\u003Ch4 class='title'\u003E\u003Ca href='https:\/\/www.journees-paysannes.org\/Cycle-de-formation-sur-la-question-paysanne.html'\u003ECycle de formation sur la question paysanne\u003C\/a\u003E\u003C\/h4\u003E\u003Cblockquote class='spip'\u003E\n\u003Cp\u003EDepuis quelque temps, notre association murit une intuition, celle de transmettre ses enseignements fondateurs sur la vocation du paysan. Cette volont\u00e9 \u00e9tait aussi et d\u2019abord celle de notre fondateur, Jean Louis Laureau, qui nous a quitt\u00e9s au d\u00e9but de l\u2019\u00e9t\u00e9. Aussi, nous sommes heureux de vous annoncer le lancement d\u2019un cycle de formation qui d\u00e9marre cette ann\u00e9e avec un parcours philosophie et un parcours histoire agricole et qui a vocation \u00e0 s\u2019enrichir au fur et \u00e0 mesure des ann\u00e9es. \n\nPour&nbsp;(\u2026)\u003C\/p\u003E\n\u003C\/blockquote\u003E\n"}

Les Journées Paysannes

Secrétariat des Journées Paysannes

<h4 class='title'><a href='https://www.journees-paysannes.org/Cycle-de-formation-sur-la-question-paysanne.html'>Cycle de formation sur la question paysanne</a></h4><blockquote class='spip'>
<p>Depuis quelque temps, notre association murit une intuition, celle de transmettre ses enseignements fondateurs sur la vocation du paysan. Cette volonté était aussi et d’abord celle de notre fondateur, Jean Louis Laureau, qui nous a quittés au début de l’été. Aussi, nous sommes heureux de vous annoncer le lancement d’un cycle de formation qui démarre cette année avec un parcours philosophie et un parcours histoire agricole et qui a vocation à s’enrichir au fur et à mesure des années. 

Pour&nbsp;(…)</p>
</blockquote>
